 2. Let v be p(2). Let j be (-70)/14 - (1 + 3). Is (-875)/j + v/18 a prime number?
True
Let n be (-10)/25 - (-4)/10. Suppose 0 = -4*w + 2*g - 0*g + 86, 3*w + 3*g - 69 = n. Suppose -5*s - w = -1887. Is s a composite number?
False
Let s(g) = 2*g**2 + 2*g + 5. Let c be s(0). Suppose k + 10 = 6*k, c*o - 777 = -k. Is o composite?
True
Let g(i) = 42*i**2 - 2*i + 7. Suppose 2*s - 2 + 4 = 4*l, 5*l - 13 = -s. Is g(s) composite?
False
Let b = -22688 - -32985. Is b prime?
False
Let a(x) = x**3 + 5*x**2 + 3*x - 3. Let i be a(-4). Let d be i + 1/(-4)*-4. Suppose 59 = d*w - 95. Is w a prime number?
False
Let r = 1008 + -166. Let y = 2037 - r. Is y composite?
True
Let w(m) = -m**3 + 13*m**2 + 6*m - 21. Let b(f) = f**3 + 6*f**2 - 2*f - 1. Let h be b(-6). Is w(h) a prime number?
False
Suppose 0 = 76*b - 6756812 + 97464. Is b prime?
True
Suppose 0 = -d + 5*z + 5, 3*d - 4 = z + 3*z. Suppose d = -5*c - 3*u - 0*u + 32, -5*u = -20. Suppose 185 = 3*w - p - c*p, -5*p = 20. Is w composite?
True
Let n = 149876 + -82971. Is n a composite number?
True
Let v be -3*(0 - (1/(-3) + 1)). Suppose -5*c + 3523 = v*m - 0*m, -c = -m - 699. Is c a prime number?
False
Suppose t + 3*y - 11 = 0, -y - 61 - 42 = -5*t. Suppose 8*n - t = 4*n. Suppose -n*z + 2*z = -3*p - 1272, 2*p = -4*z + 1714. Is z a composite number?
True
Let c(m) = -m + 10. Let o be c(0). Let b = -11 + o. Let d(s) = -158*s**3 + 2*s + 1. Is d(b) prime?
True
Let d(q) = 3*q**2 + 6*q + 9. Let l be d(-3). Suppose -44 - l = -f + 4*a, 3*f = -2*a + 144. Let z = f - -281. Is z a prime number?
True
Suppose 4*w - 14 - 10 = 0. Suppose 9*b - 309 = w*b. Is b a composite number?
False
Suppose 0 = -26*b + 21*b + 10. Suppose b*q - 70 = 364. Is q composite?
True
Suppose 3*v + 2*z - 7*z = 4, 8 = 4*v - 4*z. Let b be (v - 2)*-1*7. Let o(w) = -44*w - 7. Is o(b) prime?
False
Let y(z) = -z**3 - 2*z**2 + 2*z. Let p be y(0). Suppose 113*c - 115*c + 1346 = p. Is c a prime number?
True
Suppose 2 + 8 = 5*m. Suppose 4*f - 4512 = -4*w, -2*w + f = m*w - 4487. Is w prime?
True
Let u(f) = -2*f - 206. Let x(k) = -5*k - 413. Let t(y) = -7*u(y) + 3*x(y). Let p = 233 + -233. Is t(p) prime?
False
Let n = 55 + -37. Let z(o) = o**3 - 19*o**2 + 21*o - 23. Is z(n) a composite number?
False
Suppose -3*l + 24243 = 3*a, 6*l - 9*l = -4*a + 32338. Is a prime?
False
Let c(q) = 609*q + 16. Let x be c(5). Is (-6)/(-12)*-4*x/(-2) composite?
False
Let i be (((-17)/3)/((-2)/(-19566)))/(-1). Is (i/153)/(1/3 + 0) composite?
False
Suppose 0 = 5*p - 33313 - 29977. Is p prime?
False
Let k be 0*2/(-4) + 252/(-14). Is k/(-27)*1506/4 composite?
False
Let c(f) = f**3 + f**2 + 4. Let y be c(2). Suppose 4*j - y = 0, 3*k + 3*j = 2*j + 757. Is k composite?
False
Let p(a) = -a + 2*a - a**3 + 239*a**3. Let d be p(1). Suppose 3*m + 3*c - 433 = d, 451 = 2*m + 5*c. Is m a prime number?
True
Suppose 0 = -22*z + 17*z + 7760. Is z/6 - (-9)/27 a composite number?
True
Suppose 5*x - 615 = -0*x. Let q = -64 + x. Is q a composite number?
False
Suppose -8*u + 4*u = -12. Suppose -u*v = -0*v - 228. Let t = 237 - v. Is t a composite number?
True
Suppose 0*v = 3*v + 15, -4*v - 20 = -5*o. Suppose -4*b = b - 25, o = 5*k + 3*b - 1775. Suppose 2*z = -5*d + 905, -2*d = 3*z - k - 21. Is d a prime number?
True
Is ((294110/20)/(1/(-2)))/(-1) a composite number?
False
Let o = 575 - -2252. Is o a prime number?
False
Suppose -5*j + 2*s = -355625, -46*s + 213394 = 3*j - 51*s. Is j a prime number?
False
Let v(j) = j**3 + 7*j**2 - 9*j - 9. Let g be v(-6). Is ((2 - g)/(-1))/1 a composite number?
False
Suppose 4*x = -q + 8258 + 223, 0 = 2*q - 3*x - 17017. Is q a prime number?
True
Let v(x) = 2*x + 4. Let y be v(-4). Let b(t) = -195*t - 13. Let j(n) = 196*n + 12. Let g(a) = -3*b(a) - 4*j(a). Is g(y) a composite number?
False
Suppose -2*s - 3*q = -355, 2*s + 2*s - 4*q = 680. Suppose -s = -5*k + 4*m + 442, 259 = 2*k + m. Is k prime?
True
Suppose 2*w - 13336 = 6006. Is w a composite number?
True
Let m be -1*(-1 - -2)*-5. Suppose -691 = -4*t - d + 1551, 4*t - m*d - 2254 = 0. Suppose -171 = -4*h + t. Is h a prime number?
False
Let a(y) = y**2 - 7*y - 13. Let h = -4 - -15. Is a(h) composite?
False
Suppose -5*s - 11 = -206. Let g(o) = 4 + s*o - 45*o + 27*o. Is g(3) prime?
True
Let i = 46026 - 27547. Is i a composite number?
True
Let l(u) = -u + 2*u + 4*u + 29 + 30*u**2. Is l(-6) prime?
False
Let b = -15 + 13. Is (b/(-5))/((-1)/(-95)) composite?
True
Suppose -4*a + 1611 = -41. Let g = 199 - a. Let x = g + 468. Is x a composite number?
True
Suppose 30 = 2*a + 10. Is (-103284)/(-95) + (-2)/a composite?
False
Let z(w) = 161*w - 2. Let p be z(-4). Is -5 + (0 - 0) - p a composite number?
False
Let l(w) = -618*w - 142*w - 302*w + 168*w - 1. Is l(-1) a composite number?
True
Is (-10611)/(-15) - (32/20)/4 a composite number?
True
Let k(d) = 48*d**3 + 2*d**2 + 44*d + 1. Is k(7) composite?
False
Is (-2)/(2/(-509))*(32 - 9) composite?
True
Let m be (-2)/(-10) - (-18)/10. Let k = 10 + -7. Suppose -6*f + m*f - k*o + 2507 = 0, -3140 = -5*f - 5*o. Is f a prime number?
False
Let o = -2640 + 3869. Suppose 0 = -a + 4*s + o, 4*a - 4099 = s + 862. Is a composite?
True
Let t = -1880 + 1025. Let s = 1469 + t. Suppose -u + s + 645 = 0. Is u prime?
True
Suppose 3*a + 12*i - 7*i - 147422 = 0, -5*a + 245690 = -5*i. Is a a prime number?
True
Let o(p) be the third derivative of 3*p**6/40 - p**5/12 - 13*p**4/24 + 17*p**3/6 + 29*p**2. Is o(8) prime?
True
Let q be ((-20)/(-25))/(6/135). Let c = q + 13. Is c a prime number?
True
Let t be (-19515)/(-7) - 1/(-7). Suppose -4*k = -y + t, -3*k - 11118 = -4*y - 4*k. Suppose -y = -4*x - 3*a, a - 5*a = 0. Is x prime?
False
Suppose o - 72160 = -4*q, 3*q + 2*o = -0*o + 54115. Is q composite?
False
Let b = -1449 - -7368. Is b a prime number?
False
Suppose -5 + 9 = n. Suppose 4*i + n = -0. Is 0/i - (-53)/1 prime?
True
Suppose 0 = -4*b - 5*o - 7780, -2*o + 9821 = -4*b + 2013. Let x = b - -3287. Is x prime?
False
Suppose 0 = 8*j - 519 - 1169. Is j a prime number?
True
Let y = -2 + 4. Let x be ((-9)/(-9))/(y/(-2)). Is (x/(-3))/((-12)/(-7812)) a composite number?
True
Let t(o) = o**2 + 5*o + 3. Let c be t(-5). Suppose -2*p - 5*h = 8 - 20, -c*p - 3 = -3*h. Let a(l) = 88*l**3 - 2*l**2 + 1. Is a(p) prime?
False
Let v(f) = -3*f**2 + 2*f + 18967. Is v(0) prime?
False
Let p be (-12)/(-4) + 0 + 2. Suppose -111 = 2*d - p*d. Is d a composite number?
False
Suppose -13 = -3*o - 1. Suppose 3*n = 2*a + 63, o*a + 4*n = 8*a + 120. Let l = 80 + a. Is l prime?
True
Suppose 5*c = 10, 5*c - 90 = d + 4*d. Let u = d - -22. Let h(s) = 6*s**2 - 11. Is h(u) a composite number?
True
Let v(q) = 6*q**3 - 28*q + 31. Is v(12) a composite number?
True
Suppose 0*h - 5*h - 3*s = 319, 0 = -4*h - 4*s - 260. Let c = -345 + 342. Let o = c - h. Is o a prime number?
True
Let u = -10 - -10. Suppose 4*o - s - 1016 = u, 4*o + 3*s - 2*s - 1016 = 0. Is o a composite number?
True
Suppose 25818 = 5*s - 3*m, 5*m = 5*s - 11594 - 14226. Is s a prime number?
False
Suppose 13*z = 7304 - 1246. Is z composite?
True
Suppose -s + 0*o - 212 = -2*o, -5*s - 985 = 5*o. Let j = 325 + s. Is j composite?
True
Suppose -16*k + 17*k - 319 = 0. Is k composite?
True
Let h(i) = -183*i + 37. Is h(-4) a prime number?
True
Let c(g) be the third derivative of -2*g**2 + 0*g**5 + 0 - 1/60*g**6 + 1/6*g**3 + 0*g - 1/24*g**4. Is c(-2) a composite number?
False
Suppose -1429 = -4*b + 855. Is b a composite number?
False
Suppose 0 = 3*k - x - 190054, 0 = 4*k - 4*x - 141741 - 111651. Is k a composite number?
False
Suppose 65801 = 3*g + 15182. Is g a composite number?
True
Let l be (-1290)/12*(-8)/10. Let s = 1413 + l. Is s composite?
False
Let o(a) = 288 + 0*a - 292 + 8*a - 2*a**3 + 5*a**2. Is o(-5) a prime number?
True
Let c = 38 + -38. Suppose 2*n + 4*n - 5262 = c. Is n a prime number?
True
Let m(k) = -16*k - 38. Is m(-7) composite?
True
Suppose 1 - 529 = 4*b. Let a be (3 - 4 - 0) + b. Let o = -36 - a. Is o a prime number?
True
Let t(g) = -g**3 - 16*g**2 - 14*g - 9. Let v be t(-15). Let i = v + 101. Is i prime?
False
Let x be ((-495)/18)/(1/(-58)). Suppose 13*o = 8*o + x. Is o prime?
False
Let u(f) = f**3 - 2*f**2 - 9*f + 15. Let m be u(8). Suppose m = t - 130. Is t a prime number?
True
Suppose -7*i + 2769 = -3*i - 5*o, i - 2*o = 693. Suppose n - 8*h + 4*h - 681 = 0, 2*h + i = n. Is n composite